(-12)?
9
Let q(r) = 5*r**2 + 3*r - 2. Give q(1).
6
Let h(p) = -17*p + 7. Give h(6).
-95
Let d(g) = -g**2 - 15*g + 26. Calculate d(-14).
40
Let v(i) = 4*i + 13. What is v(-2)?
5
Let f(s) = 3*s**2 - 33*s - 21. Determine f(12).
15
Let a(c) = -c + 28. What is a(21)?
7
Let u(s) = -22*s - 376. Give u(-17).
-2
Let c(i) = i**2 + 34*i + 102. Calculate c(-31).
9
Let g(s) = 2*s**3 - 4*s**2 - 4*s - 3. Give g(4).
45
Let h(i) = -3*i**2 - 41*i + 30. Determine h(-13).
56
Let a(o) = -18*o**3 + o**2 + o + 1. Calculate a(-1).
19
Let m(n) = -n**2 - 11*n - 2. What is m(-9)?
16
Let v(s) = s**2 - 3*s - 29. Determine v(8).
11
Let j(g) = g**3 - g. Determine j(0).
0
Let x(q) = 10*q + 60. What is x(-15)?
-90
Let i(c) = c**2 + 11*c - 36. Determine i(-13).
-10
Let h(b) = 8*b - 11. Determine h(4).
21
Let z(m) = 23*m**2. Give z(-1).
23
Let z(d) = -d**3 - 24*d**2 - 42*d + 27. Give z(-22).
-17
Let a(n) = -n**2 + 8*n - 5. Determine a(6).
7
Let v(s) = 3*s**2 - 3*s - 4. Determine v(3).
14
Let k(d) = -d**3 - 2*d**2 - 3. Give k(3).
-48
Let z(f) = -f + 2. Determine z(-4).
6
Let r(z) = z**2 + 13*z - 71. Calculate r(-17).
-3
Let z(m) = 4*m**2 + 4*m - 13. Calculate z(2).
11
Let b(t) = t + 8. Give b(-9).
-1
Let v(n) = -2*n + 9. Calculate v(-4).
17
Let l(f) = 7*f + 2. Determine l(-1).
-5
Let w(c) = c**3 + 2*c**2 + 2*c + 13. Calculate w(-3).
-2
Let k(r) = -4*r + 15. Determine k(7).
-13
Let v(b) = 4*b**2 - 4*b - 1. What is v(-1)?
7
Let j(z) = -z**2 + 27*z + 5. Determine j(27).
5
Let t(q) = -17*q - 35. Give t(4).
-103
Let w(i) = 2*i - 13. What is w(6)?
-1
Let c(v) = 3*v**2 - 12*v + 7. Calculate c(3).
-2
Let k(s) = 14*s + 2. What is k(3)?
44
Let q(j) = -j**3 - 23*j**2 - 42*j + 2. What is q(-21)?
2
Let r(m) = -6*m - 10. Give r(-6).
26
Let l(r) = -19*r + 349. Determine l(19).
-12
Let s(k) = 21*k**3 - 2*k**2 + k + 1. What is s(1)?
21
Let f(u) = 2*u**2 + 27*u - 70. Determine f(-16).
10
Let w(n) = -n**2 + 6*n - 14. Calculate w(7).
-21
Let c(f) = 12*f + 336. Calculate c(-28).
0
Let c(t) = 3*t**3 - 3*t**2 - t - 1. Calculate c(-3).
-106
Let g(j) = j**2 + 31*j - 108. Determine g(-34).
-6
Let r(q) = 8*q + 125. Determine r(-15).
5
Let j(k) = -k**3 + 10*k**2 - 5*k - 84. What is j(8)?
4
Let m(x) = x**2 - 11*x + 1. Calculate m(6).
-29
Let c(x) = x**3 + 4*x**2 - 5*x + 4. What is c(-5)?
4
Let n(o) = -o**2 - 24*o + 4. Give n(-24).
4
Let z(t) = -57*t**3 - t**2 + 2*t - 1. Calculate z(1).
-57
Let c(s) = -18*s**2 - 3*s - 2. What is c(-1)?
-17
Let i(x) = -x**3 - 14*x**2 + 10. Calculate i(-14).
10
Let g(l) = 2*l**2 + 48*l + 23. Calculate g(-23).
-23
Let s(k) = -2*k**2 - 27*k - 7. What is s(-13)?
6
Let l(g) = -75*g - 379. Calculate l(-5).
-4
Let x(k) = -k**2 + 8*k. What is x(9)?
-9
Let j(f) = -f**3 + 6*f**2 + 6*f - 2. Determine j(7).
-9
Let b(o) = -28*o - 1990. What is b(-71)?
-2
Let s(n) = 3*n**3 - 2*n**2 - 2*n + 7. What is s(2)?
19
Let l(j) = j**2 - 18*j + 8. Calculate l(18).
8
Let u(n) = n**3 - 11*n**2 - 16*n + 57. Give u(12).
9
Let t(b) = 3*b**3 + b**2 + 3*b. Give t(-3).
-81
Let q(l) = 3*l**2 - 42*l + 21. What is q(14)?
21
Let b(x) = x**2 - 2. What is b(3)?
7
Let u(q) = -2*q**3 + 21*q**2 - 9*q - 6. Give u(10).
4
Let o(g) = -g**2 + 3*g - 6. Give o(6).
-24
Let h(c) = -5*c**2 + 107*c + 73. Determine h(22).
7
Let o(j) = -j**2 + 16*j - 25. Give o(12).
23
Let d(v) = -v**3 + 2*v**2 + 5*v + 1. Determine d(4).
-11
Let y(s) = s + 7. What is y(-3)?
4
Let m(f) = 2*f + 6. Calculate m(-7).
-8
Let a(o) = 3*o**2 + 19*o + 33. Give a(-2).
7
Let z(g) = g**2 - 4*g + 6. Determine z(5).
11
Let j(p) = p**3 + 3*p**2 - 7*p. What is j(-4)?
12
Let i(w) = -w**2 - 88*w + 366. Calculate i(4).
-2
Let i(q) = -q + 2. Calculate i(7).
-5
Let p(c) = 47*c + 313. Determine p(-6).
31
Let m(k) = -4*k**3 + 10*k**2 - 2*k + 1. Calculate m(2).
5
Let i(x) = x**3 + 4. Determine i(0).
4
Let y(p) = p**3 + 8*p**2 + 3*p + 16. What is y(-8)?
-8
Let z(q) = -3*q**2 - 11*q + 14. Determine z(3).
-46
Let n(i) = -i**2 + 2*i + 53. What is n(0)?
53
Let s(q) = 2*q + 25. Calculate s(-13).
-1
Let a(d) = d**3 - 6*d**2 + 9*d - 7. Calculate a(4).
-3
Let g(m) = -m - 26. Determine g(-15).
-11
Let p(h) = h**2 - 32*h + 36. What is p(31)?
5
Let i(c) = -c**3 + 4*c**2 + c - 2. What is i(5)?
-22
Let p(r) = -2*r**2 - 39*r - 169. Calculate p(-13).
0
Let h(s) = s**3 - 10*s**2 - 2*s + 21. What is h(10)?
1
Let o(t) = t + 34. What is o(0)?
34
Let n(z) = z**3 - 5*z**2 - 52*z - 3. Determine n(10).
-23
Let w(s) = s - 11. Calculate w(5).
-6
Let n(v) = v**3 + 6*v**2 + 5*v - 2. Give n(-5).
-2
Let f(l) = -l**3 + 34*l**2 - 5. Determine f(34).
-5
Let i(m) = 17*m - 160. Give i(9).
-7
Let l(t) = -5*t**3 - t**2 + 11*t + 3. Give l(-3).
96
Let l(u) = -62*u - 119. What is l(-2)?
5
Let r(i) = -2*i**3 + 22*i**2 - 17*i - 24. Calculate r(10).
6
Let c(k) = 2*k**2 - 2*k - 2. Calculate c(6).
58
Let x(v) = -v**2 - v - 4. Give x(-4).
-16
Let b(f) = -f**2 - 34*f + 18. Calculate b(-34).
18
Let z(m) = -18*m - 40. Calculate z(-3).
14
Let x(d) = 5*d + 28. Calculate x(-14).
-42
Let m(d) = -2*d**3 - d**2 + d + 1. Calculate m(-1).
1
Let o(v) = v**3 - 2*v**2. What is o(1)?
-1
Let i(x) = 24*x + 1. Calculate i(-5).
-119
Let p(m) = -2*m**2 + 2*m - 3. Give p(2).
-7
Let l(z) = z**2 + 17*z - 23. Give l(-18).
-5
Let f(q) = 19*q**3 + q**2 + 2*q - 3. What is f(2)?
157
Let c(y) = -y**3 + 16*y**2 - 9*y - 271. Calculate c(14).
-5
Let v(o) = 5*o - 41. Determine v(5).
-16
Let a(r) = r**2 + 8*r + 1. Give a(5).
66
Let l(p) = p**3 + 9*p**2 + 8*p. What is l(-8)?
0
Let k(v) = v - 18. What is k(23)?
5
Let h(k) = -14*k - 12. Calculate h(6).
-96
Let a(x) = 5*x + 17. What is a(-5)?
-8
Let r(x) = -3*x - 168. Calculate r(-40).
-48
Let v(d) = d**2 + 4*d + 15. Determine v(-3).
12
Let j(h) = 2*h - 38. What is j(18)?
-2
Let l(z) = -z**2 - 16*z + 12. Determine l(-17).
-5
Let b(t) = 5*t**2 - 3*t - 2. Give b(3).
34
Let h(b) = 4*b - 23. What is h(4)?
-7
Let h(s) = s + 3. Calculate h(2).
5
Let o(g) = -2*g**3 - 10*g**2 - 15*g + 2. Calculate o(-2).
8
Let s(a) = -a**3 + 2*a**2 - 3. Give s(3).
-12
Let z(f) = 2*f**2 + 9*f - 9. Determine z(-6).
9
Let r(w) = -2*w**2 - 7*w + 2. Determine r(-6).
-28
Let f(p) = -p. Calculate f(9).
-9
Let u(p) = p**3 - 8*p**2 - p - 21. Calculate u(9).
51
Let t(c) = -c**3 - 15*c**2 + 19*c + 9. Calculate t(-16).
-39
Let o(g) = 84*g + 79. What is o(-1)?
-5
Let t(r) = -r**3 + r**2 + 12*r + 3. Determine t(4).
3
Let n(p) = -p**2 - p + 29. Calculate n(0).
29
Let q(t) = 3*t + 37. Determine q(-14).
-5
Let y(s) = -s**3 + 8*s**2 - s + 3. Determine y(9).
-87
Let h(c) = 28*c + 37. Calculate h(-3).
-47
Let b(j) = -8*j + 49. What is b(6)?
1
Let f(o) = -o**2 - 29*o - 108. Calculate f(-27).
-54
Let q(g) = -2*g**2 - 4*g + 22. Give q(5).
-48
Let p(g) = 53*g + 1. Calculate p(-4).
-211
Let h(y) = 9*y**2 + y - 3. Determine h(-2).
31
Let o(g) = g**3 - 3*g**2 - 7*g. Give o(5).
15
Let r(a) = -5*a + 11. Determine r(-7).
46
Let a(n) = 4*n + 5. Give a(-4).
-11
Let r(b) = 7*b - 6. Calculate r(19).
127
Let o(b) = b**3 - 7*b**2 - b + 5. Give o(7).
-2
Let s(y) = -6*y**2 - 62*y + 59. Give s(1).
-9
Let g(b) = 3*b - 46. Calculate g(14).
-4
Let c(i) = -39*i + 2. What is c(-1)?
41
Let p(z) = z**3 - 20*z**2 + 20*z - 24. Determine p(19).
-5
Let p(x) = -121*x**3. What is p(-1)?
121
Let a(m) = m**2 + 10*m - 3. Calculate a(-10).
-3
Let g(y) = -4*y - 84. What is g(-21)?
0
Let w(t) = -3*t**2 + 15*t - 26. Give w(3).
-8
Let a(c) = -3*c**2 + 1. Give a(-3).
-26
Let b(z) = -z**3 - 10*z**2 - 9*z + 9. What is b(-9)?
9
Let r(u) = -u**3 - u**2 + u - 18. Determine r(0).
-18
Let n(w) = -4*w**2 + w + 13. Give n(-3).
-26
Let a(r) = -r**2 + 32. Calculate a(5).
7
Let w(d) = 11*d - 2. Determine w(-7).
-79
Let x(v) = v**2 + 13*v + 14. What is x(-14)?
28
Let l(j) = j**3 - 12*j**2 + 13*j - 20. Determine l(11).
2
Let c(j) = 9*j**3 + j**2 + 3*j - 4. Give c(1).
9
Let v(u) = -u**2 + 7*u - 11. Give v(3).
1
Let g(b) = 2*b**2 - 15*b + 25. Calculate g(6).
7
Let d(w) = 2*w**2 - 16*w + 26. Give d(4).
-6
Let m(k) = 2*k**3 - 5*k**2 - 5*k + 7. Determine m(3).
1
Let m(z) = 3*z**3 - 2*z. Give m(2).
20
Let o(f) = 11*f + 7. Give o(0).
7
Let p(o) = o**2 + 2*o + 2. Determine p(-6).
26
Let d(s) = -2*s**2 - 7*s + 11. Give d(3).
-28
Let j(q) = -2*q**2 + 17*q - 1. Calculate j(8).
7
Let m(n) = -n - 12. Determine m(-14).
2
Let u(w) = 2*w + 4. Calculate u(3).
10
Let x(h) = -116*h - 5. Calculate x(1).
-121
Let k(n